{"id":517,"date":"2025-06-01T14:24:31","date_gmt":"2025-06-01T12:24:31","guid":{"rendered":"https:\/\/rodbukowina.pl\/?page_id=517"},"modified":"2026-04-19T16:52:42","modified_gmt":"2026-04-19T14:52:42","slug":"walne-zebranie-rok-2022","status":"publish","type":"page","link":"https:\/\/rodbukowina.pl\/index.php\/walne-zebrania\/walne-zebranie-rok-2022\/","title":{"rendered":"Walne Zebranie rok 2022"},"content":{"rendered":"<p>ZARZ\u0104D RODZINNEGO OGRODU DZIA\u0141KOWEGO \u201eBUKOWINA\u201d w Gromadzinie zaprasza na ZEBRANIE WALNE<br \/>\nZebranie odb\u0119dzie si\u0119 na terenie ROD \u201eBUKOWINA\u201d w obr\u0119bie uj\u0119cia wody na terenie \u201eB\u201d Prosimy uczestnik\u00f3w Zebrania Walnego o zabranie ze sob\u0105 krzese\u0142ek.<br \/>\n<strong>Data Zebrania Walnego 21.05.2022<\/strong><br \/>\n<strong>I termin zebrania godz. 10:00<\/strong><br \/>\n<strong>II termin zebrania godz. 10:30<\/strong><br \/>\nZgodnie z roz 57 pkt.6 Statutu Polskiego Zwi\u0105zku Dzia\u0142kowc\u00f3w w zebraniu mog\u0105 uczestniczy\u0107 wy\u0142\u0105cznie cz\u0142onkowie PZD maj\u0105cy prawo do dzia\u0142ki w ogrodzie.<br \/>\nPorz\u0105dek Zebrania Walnego:<br \/>\n1. Otwarcie Zebrania<br \/>\n2. Wyb\u00f3r Przewodnicz\u0105cego Zebrania<br \/>\n3. Zatwierdzenie regulaminu Walnego Zebrania<br \/>\n4. Zatwierdzenie porz\u0105dku obrad<br \/>\n5. Wyb\u00f3r Komisji Mandatowej, Komisji Uchwa\u0142 i Wniosk\u00f3w<br \/>\n6. Sprawozdanie Zarz\u0105du ROD z dzia\u0142alno\u015bci za rok 2021<br \/>\n7. Sprawozdanie Komisji Rewizyjnej za rok 2021 i ocena Komisji Rewizyjnej pracy Zarz\u0105du<br \/>\n8. Sprawozdanie Komisji Mandatowej<br \/>\n9. Zatwierdzenie sprawozdania z dzia\u0142alno\u015bci ROD za 2021 rok<br \/>\n10. Wybory uzupe\u0142niaj\u0105ce sk\u0142ad Zarz\u0105du ROD<br \/>\n11. Projekt planu pracy na rok 2022<br \/>\n12. Przedstawienie preliminarza finansowego ROD na rok 2022<br \/>\n13. Dyskusja<br \/>\n14. Przedstawienie projekt\u00f3w uchwa\u0142 i g\u0142osowanie w sprawach przez Komisje Uchwa\u0142 i Wniosk\u00f3w<br \/>\n15. Sprawy r\u00f3\u017cne<br \/>\n16. Zako\u0144czenie obrad<br \/>\nZarz\u0105d ROD \u201eBUKOWINA\u201d<\/p>\n<hr \/>\n","protected":false},"excerpt":{"rendered":"<p>ZARZ\u0104D RODZINNEGO OGRODU DZIA\u0141KOWEGO \u201eBUKOWINA\u201d w Gromadzinie zaprasza na ZEBRANIE WALNE Zebranie odb\u0119dzie si\u0119 na terenie ROD \u201eBUKOWINA\u201d w obr\u0119bie uj\u0119cia wody na terenie \u201eB\u201d Prosimy uczestnik\u00f3w Zebrania Walnego o zabranie ze sob\u0105 krzese\u0142ek. Data Zebrania Walnego 21.05.2022 I termin zebrania godz. 10:00 II termin zebrania godz. 10:30 Zgodnie z roz 57 pkt.6 Statutu Polskiego [&hellip;]<\/p>\n","protected":false},"author":1,"featured_media":0,"parent":31,"menu_order":0,"comment_status":"closed","ping_status":"closed","template":"","meta":{"footnotes":""},"class_list":["post-517","page","type-page","status-publish","hentry"],"_links":{"self":[{"href":"https:\/\/rodbukowina.pl\/index.php\/wp-json\/wp\/v2\/pages\/517","targetHints":{"allow":["GET"]}}],"collection":[{"href":"https:\/\/rodbukowina.pl\/index.php\/wp-json\/wp\/v2\/pages"}],"about":[{"href":"https:\/\/rodbukowina.pl\/index.php\/wp-json\/wp\/v2\/types\/page"}],"author":[{"embeddable":true,"href":"https:\/\/rodbukowina.pl\/index.php\/wp-json\/wp\/v2\/users\/1"}],"replies":[{"embeddable":true,"href":"https:\/\/rodbukowina.pl\/index.php\/wp-json\/wp\/v2\/comments?post=517"}],"version-history":[{"count":3,"href":"https:\/\/rodbukowina.pl\/index.php\/wp-json\/wp\/v2\/pages\/517\/revisions"}],"predecessor-version":[{"id":623,"href":"https:\/\/rodbukowina.pl\/index.php\/wp-json\/wp\/v2\/pages\/517\/revisions\/623"}],"up":[{"embeddable":true,"href":"https:\/\/rodbukowina.pl\/index.php\/wp-json\/wp\/v2\/pages\/31"}],"wp:attachment":[{"href":"https:\/\/rodbukowina.pl\/index.php\/wp-json\/wp\/v2\/media?parent=517"}],"curies":[{"name":"wp","href":"https:\/\/api.w.org\/{rel}","templated":true}]}}