{"id":514,"date":"2025-06-01T14:03:50","date_gmt":"2025-06-01T12:03:50","guid":{"rendered":"https:\/\/rodbukowina.pl\/?page_id=514"},"modified":"2026-04-19T16:52:52","modified_gmt":"2026-04-19T14:52:52","slug":"walne-zebranie-rok-2021","status":"publish","type":"page","link":"https:\/\/rodbukowina.pl\/index.php\/walne-zebrania\/walne-zebranie-rok-2021\/","title":{"rendered":"Walne Zebranie rok 2021"},"content":{"rendered":"<p><strong><u>Zebranie Walne odb\u0119dzie si\u0119 w dniu 11.09.2021 roku,<\/u><\/strong><\/p>\n<p><strong>o godz.14.00 pierwszy termin,<\/strong><\/p>\n<p><strong>o godz. 14.30 drugi termin,<\/strong><\/p>\n<p><strong>miejsce zebrania teren uj\u0119cia wody na terenie \u201eB\u201d<\/strong><\/p>\n<p><em>Prosimy ka\u017cdego\u00a0dzia\u0142kowicza o zabranie ze sob\u0105 krzese\u0142ka.<\/em><\/p>\n<p><strong>Zgodnie z rozdzia\u0142em 57 p.6 Statutu Polskiego Zwi\u0105zku Dzia\u0142kowc\u00f3w w zebraniu mog\u0105 uczestniczy\u0107 wy\u0142\u0105cznie cz\u0142onkowie PZD maj\u0105cy prawo do dzia\u0142ki w ogrodzie.<\/strong><\/p>\n<p><strong><u>Porz\u0105dek Zebrania Walnego<\/u><\/strong><\/p>\n<ol>\n<li>Otwarcie Zebrania;<\/li>\n<li>Wyb\u00f3r\u00a0Przewodnicz\u0105cego\u00a0Zebrania;<\/li>\n<li>Zatwierdzenie regulaminu walnego zebrania;<\/li>\n<li>Zatwierdzenie\u00a0porz\u0105dku\u00a0obrad;<\/li>\n<li>Wyb\u00f3r Komisji\u00a0Mandatowej, Komisji Uchwa\u0142 i Wniosk\u00f3w;<\/li>\n<li>Sprawozdanie\u00a0Zarz\u0105du ROD z dzia\u0142alno\u015bci za rok 2019 i 2020;<\/li>\n<li>Sprawozdanie Komisji Rewizyjnej za rok 2019 i 2020, ocena Komisji Rewizyjnej pracy Zarz\u0105du;<\/li>\n<li>Sprawozdanie Komisji Mandatowej;<\/li>\n<li>Zatwierdzenie sprawozdania z dzia\u0142alno\u015bci ROD za 2019 i 2020 rok;<\/li>\n<li>Projekt planu pracy na rok 2021;<\/li>\n<li>Przedstawienie\u00a0preliminarza\u00a0finansowego ROD na rok 2021;<\/li>\n<li>Dyskusja;<\/li>\n<li>Przedstawienie przez Komisje Uchwa\u0142 i Wniosk\u00f3w projekt\u00f3w uchwa\u0142, g\u0142osowanie w sprawach;<\/li>\n<li>Sprawy r\u00f3\u017cne;<\/li>\n<li>Zako\u0144czenie obrad.<\/li>\n<\/ol>\n","protected":false},"excerpt":{"rendered":"<p>Zebranie Walne odb\u0119dzie si\u0119 w dniu 11.09.2021 roku, o godz.14.00 pierwszy termin, o godz. 14.30 drugi termin, miejsce zebrania teren uj\u0119cia wody na terenie \u201eB\u201d Prosimy ka\u017cdego\u00a0dzia\u0142kowicza o zabranie ze sob\u0105 krzese\u0142ka. Zgodnie z rozdzia\u0142em 57 p.6 Statutu Polskiego Zwi\u0105zku Dzia\u0142kowc\u00f3w w zebraniu mog\u0105 uczestniczy\u0107 wy\u0142\u0105cznie cz\u0142onkowie PZD maj\u0105cy prawo do dzia\u0142ki w ogrodzie. Porz\u0105dek [&hellip;]<\/p>\n","protected":false},"author":1,"featured_media":0,"parent":31,"menu_order":0,"comment_status":"closed","ping_status":"closed","template":"","meta":{"footnotes":""},"class_list":["post-514","page","type-page","status-publish","hentry"],"_links":{"self":[{"href":"https:\/\/rodbukowina.pl\/index.php\/wp-json\/wp\/v2\/pages\/514","targetHints":{"allow":["GET"]}}],"collection":[{"href":"https:\/\/rodbukowina.pl\/index.php\/wp-json\/wp\/v2\/pages"}],"about":[{"href":"https:\/\/rodbukowina.pl\/index.php\/wp-json\/wp\/v2\/types\/page"}],"author":[{"embeddable":true,"href":"https:\/\/rodbukowina.pl\/index.php\/wp-json\/wp\/v2\/users\/1"}],"replies":[{"embeddable":true,"href":"https:\/\/rodbukowina.pl\/index.php\/wp-json\/wp\/v2\/comments?post=514"}],"version-history":[{"count":2,"href":"https:\/\/rodbukowina.pl\/index.php\/wp-json\/wp\/v2\/pages\/514\/revisions"}],"predecessor-version":[{"id":624,"href":"https:\/\/rodbukowina.pl\/index.php\/wp-json\/wp\/v2\/pages\/514\/revisions\/624"}],"up":[{"embeddable":true,"href":"https:\/\/rodbukowina.pl\/index.php\/wp-json\/wp\/v2\/pages\/31"}],"wp:attachment":[{"href":"https:\/\/rodbukowina.pl\/index.php\/wp-json\/wp\/v2\/media?parent=514"}],"curies":[{"name":"wp","href":"https:\/\/api.w.org\/{rel}","templated":true}]}}